2*a - a, 3*a = -5*u + 46. Calculate the highest common divisor of d and a.
12
Let a = 80 + 88. Let x be ((-6)/(-9))/(1/a). Let h be x/18 + 6/(-27). What is the highest common divisor of h and 42?
6
Suppose 10 - 1 = 3*z. Let n(d) = -d**3 + 6*d**2 - 2*d + 3. Let m be n(4). Calculate the highest common divisor of z and m.
3
Let l be 6/15 + 92/(-5). Suppose 5*y + 31 = -c, c - 5*y = -4*c - 5. Let b = c - l. Calculate the greatest common factor of 12 and b.
12
Let g be -1 - (-1 - 0/(-1)). Let b be -1 + 1 + 15 + g. Let t(u) = -25*u + 140. Let z be t(5). Calculate the highest common factor of b and z.
15
Let m = -4 + 10. Suppose -m*f + 4*f = -14. Calculate the highest common divisor of 49 and f.
7
Suppose 0 = 5*i - 3*c + 2*c - 21, 0 = 2*c + 2. Calculate the greatest common factor of 16 and i.
4
Let q = -33 + 35. Calculate the highest common factor of q and 9.
1
Suppose -2*s = -0*s - 22. Let g = 29 - 18. What is the highest common divisor of s and g?
11
Suppose 3*t - 2*t = 3. Let y be 10 - (t - (-3 + 3)). What is the greatest common factor of 77 and y?
7
Suppose -10*x + 8*x + 96 = 5*w, -90 = -4*w + 5*x. Let y = 17 + 13. Calculate the highest common divisor of y and w.
10
Suppose -4*z = -2*z - 2*d - 18, -12 = -z - 2*d. Calculate the highest common divisor of z and 130.
10
Let b = 9 + 26. What is the greatest common factor of 315 and b?
35
Let y(f) = 5*f**2 + 9*f - 14. Let o be y(-6). What is the highest common divisor of 14 and o?
14
Suppose 3*y - 8*y = -125. What is the highest common factor of 275 and y?
25
Let u = 23 - -2. What is the greatest common divisor of 125 and u?
25
Let o = 41 - 14. Suppose -30 + 5 = -5*v, -3*v = 3*x - o. Let q be ((-17)/(-4) + 1)*x. What is the highest common divisor of q and 84?
21
Let w(v) = 12*v**3 - 2*v**2 + 2*v - 1. Let n be w(1). Let t = 24 - -9. What is the highest common factor of t and n?
11
Let i(o) = -o**3 + 20*o**2 + o - 15. Let k be i(20). Calculate the highest common factor of k and 1.
1
Let w be 55/20 + 2/8. Suppose -2*y + 3 = s - 0, -w*y + 18 = 3*s. What is the greatest common factor of 1 and s?
1
Suppose -2*r - 3*u = -1009, r + 4*u - 6*u = 494. Calculate the greatest common factor of 50 and r.
50
Let z = 17 + -15. What is the highest common divisor of z and 14?
2
Let g = 359 - 305. Let k be 15*-3*(-4)/5. Calculate the highest common factor of g and k.
18
Let h be 60/(-8) - (-6)/4. Let p be (-122)/h - (-2)/(-6). Calculate the highest common factor of p and 4.
4
Suppose 13 = -2*c - c + 5*d, -4*d = -20. Suppose -3*q + c*y + 5 = -55, -5*y - 57 = -3*q. What is the greatest common divisor of q and 240?
24
Let t = -4 + 104. Let u be 6/(-24) + 350/(-8). Let a = t + u. Calculate the highest common factor of a and 7.
7
Let h = 30 + 14. What is the greatest common factor of 11 and h?
11
Let q = -15 + 5. Let a = -4 - q. Let k be (4/a)/((-3)/(-45)). Calculate the highest common divisor of k and 25.
5
Suppose -4*g - 5*i + 4 + 6 = 0, 3*g - 21 = 3*i. Calculate the highest common divisor of g and 40.
5
Let c(k) = 2*k - 4. Let j be c(7). Let y(w) = -w + 13. Let g be y(j). Suppose g*h - 85 = -2*h. What is the highest common divisor of 136 and h?
17
Let f(m) = 6*m + 12. Let b be f(10). What is the greatest common factor of b and 18?
18
Let m be 0*1/4 + 4. Suppose 9 - 1 = m*q. What is the greatest common factor of 22 and q?
2
Let u(x) = 7*x + 2. Let f = -7 + 11. Let y be u(f). Calculate the greatest common divisor of y and 75.
15
Suppose -4*f + q = 12, 0 = -4*q + 27 - 11. Let a = 8 + f. Suppose w - 26 = 34. Calculate the highest common factor of a and w.
6
Suppose -t + 5*t = 20. Calculate the greatest common factor of t and 55.
5
Suppose -6*s + 1672 + 248 = 0. What is the greatest common divisor of 40 and s?
40
Let s = 3 - -2. Suppose 4*j = -j + s. What is the highest common factor of j and 1?
1
Let q(u) = u - 2. Let f be q(2). Let h = f - -4. Calculate the highest common divisor of 28 and h.
4
Let t(l) = -l**3 - l**2 + 7. Let h be t(0). Suppose -j = -2*j - 2*a + 18, 3*a + 64 = 5*j. Calculate the greatest common factor of h and j.
7
Suppose 2*p + 45 = 6*p - f, 2*f = 5*p - 60. Suppose -120 = -6*a - 90. Calculate the greatest common divisor of p and a.
5
Suppose 4*y = -5*t + 196, -4*t = 3*y - 60 - 97. Suppose -3*c + 4*m = -0*c - 192, -3*m + 171 = 3*c. Calculate the highest common factor of c and t.
20
Suppose 3*x = -5*f + 46, -5*f = -6*x + 2*x - 32. Let i be 0*(2 - 1) - -4. Suppose -2*r - 40 = -i*r. Calculate the highest common factor of f and r.
4
Let s be 3/(-7) - (-90)/63. Calculate the highest common divisor of s and 6.
1
Let j = 0 - -4. Suppose j*a - 40 = 2*a. Calculate the highest common factor of 50 and a.
10
Suppose 5*d - 4*d = 26. What is the greatest common factor of d and 208?
26
Let k = 135 + -107. Calculate the highest common factor of 7 and k.
7
Let j = 12 - -52. What is the highest common divisor of 16 and j?
16
Suppose -5*c = 4*r - 0*r - 285, r - 171 = -3*c. Suppose 7*t = 4*t + c. Calculate the greatest common factor of 133 and t.
19
Let b(m) = 2*m**2 + 4. Let r be b(3). Let w = -14 + r. What is the highest common divisor of w and 56?
8
Let y(a) = a**2 + 15*a + 20. Let b be y(-15). What is the greatest common divisor of 70 and b?
10
Let q(s) = -s**2 - 12*s - 5. Let p be q(-5). What is the highest common divisor of 10 and p?
10
Suppose -5*n = -3*k + 76, -2*n - 2*n = -4*k + 96. What is the greatest common factor of k and 44?
22
Let z(g) = 3*g + 0*g + 3 - 11. Let o be z(6). Calculate the greatest common factor of 80 and o.
10
Let w be (-909)/15 + (-2)/5. Let p = 19 - w. Calculate the greatest common factor of 20 and p.
20
Suppose -46 = -4*c - 10. What is the greatest common factor of c and 117?
9
Suppose 5 - 2 = -3*a. Let c be 10/(a - (-5 - -2)). Let r = 50 + -25. Calculate the highest common factor of r and c.
5
Suppose -148 = -2*p + 72. Calculate the greatest common factor of p and 11.
11
Let z(p) = p + 10. Let k be z(-6). Let o be ((2 - 0) + 7)*k. Calculate the highest common factor of o and 12.
12
Suppose 16 + 288 = 4*h. Let x be (38/2)/(1 - 0). Calculate the highest common divisor of h and x.
19
Suppose 0*p - 176 = -4*p. What is the greatest common factor of 11 and p?
11
Let f(x) = x**3 + 10*x**2 - 10*x + 24. Let d be f(-11). Calculate the greatest common factor of 39 and d.
13
Suppose 3*v - 9 = 15. Let s be 2 - ((3 - 2) + 63). Let n = -6 - s. Calculate the highest common factor of v and n.
8
Suppose -2*b = 2*r, 3*b = -r + 2 + 6. Calculate the greatest common divisor of 44 and b.
4
Suppose 51 = 2*j + 7. What is the greatest common factor of 22 and j?
22
Let a(p) = 3*p - 7. Let q be a(5). Calculate the greatest common divisor of q and 40.
8
Suppose -5*h - 3 = -63. Suppose 0*w - 6 = -3*w. Suppose 0 = -w*a - 2*a + 48. What is the highest common factor of a and h?
12
Let h be -1 - (-1)/((-3)/(-15)). Suppose 359 = h*c + 107. Suppose -3*b + 57 = -c. What is the highest common factor of b and 16?
8
Suppose -2*b - 71 = -3*p - 7*b, -3*b = 15. What is the highest common factor of p and 4?
4
Let z = 98 - -118. What is the highest common divisor of 24 and z?
24
Suppose -6 = 3*u - 162. Let o = -7 + 21. Suppose 1 = -f + o. Calculate the greatest common factor of u and f.
13
Suppose 4*r = 6*h - h - 2307, -r = 2*h - 915. What is the greatest common factor of h and 51?
51
Let a(f) = -4*f**3 - 2*f. Let m be a(2). Let z = -52 - m. Let r be z/12*(-18)/4. What is the highest common factor of 9 and r?
3
Let s = -11 - -18. What is the greatest common divisor of 21 and s?
7
Let w(f) = -2*f**3 - 4*f**2 + 4*f - 3. Let a be w(-4). Suppose -3*n + 255 = a. Let i = -6 + 16. Calculate the greatest common divisor of n and i.
10
Suppose -79 = -2*b - 2*b + q, 100 = 5*b - q. What is the highest common divisor of b and 84?
21
Suppose -472 = 2*o - o + 2*b, -5*b - 20 = 0. Let u = o - -734. Calculate the greatest common divisor of 30 and u.
30
Let h = 93 - 49. Let a = h + -19. Let c = a - 10. Calculate the greatest common divisor of c and 15.
15
Let s be ((-16)/10)/(4/(-10)). Suppose 3*y = 20 + s. Suppose 2*t = -3*t + 60. What is the highest common factor of y and t?
4
Let c(h) = -h**3 + 4*h**2 + 4. Let w be c(3). Calculate the highest common divisor of w and 39.
13
Let w(k) = -76*k**3 + k**2 + k. Let m be w(-1). What is the highest common divis